873370.
2, 5, 7, 23, 1231
What are the prime factors of 406006203?
3, 83, 1630547
List the prime factors of 19708768.
2, 431, 1429
What are the prime factors of 2829685416?
2, 3, 117903559
What are the prime factors of 907876985?
5, 89, 2040173
What are the prime factors of 17266150?
2, 5, 11, 31393
What are the prime factors of 959244870?
2, 3, 5, 31974829
What are the prime factors of 245479625?
5, 67, 29311
What are the prime factors of 265425728?
2, 983, 4219
What are the prime factors of 4109587?
587, 7001
List the prime factors of 1318575516.
2, 3, 83, 1323871
List the prime factors of 1379766725.
5, 113, 503, 971
What are the prime factors of 776435390?
2, 5, 17, 4567267
What are the prime factors of 47494230?
2, 3, 5, 7, 32309
List the prime factors of 545833752.
2, 3, 79, 287887
What are the prime factors of 3043759923?
3, 12525761
What are the prime factors of 535832568?
2, 3, 7442119
List the prime factors of 180250321.
19, 317, 29927
List the prime factors of 7606481838.
2, 3, 2503, 506491
What are the prime factors of 389237108?
2, 13, 41, 79, 2311
What are the prime factors of 13352923?
97, 137659
What are the prime factors of 290509128?
2, 3, 7, 13, 101, 439
What are the prime factors of 1096280745?
3, 5, 7, 31, 336799
List the prime factors of 102295481.
102295481
What are the prime factors of 1057906926?
2, 3, 47, 101, 4127
What are the prime factors of 2166953?
2166953
List the prime factors of 33236679.
3, 7, 23, 68813
What are the prime factors of 34267973?
34267973
What are the prime factors of 1264474142?
2, 632237071
What are the prime factors of 1259506534?
2, 11, 13, 389, 11321
What are the prime factors of 75212865?
3, 5, 7, 13, 18367
List the prime factors of 3363939266.
2, 1681969633
What are the prime factors of 7802447222?
2, 3901223611
List the prime factors of 37953131.
103, 149, 2473
What are the prime factors of 53734227?
3, 233, 76873
What are the prime factors of 2032970459?
13, 197, 227, 269
List the prime factors of 85895816.
2, 2791, 3847
List the prime factors of 1590203727.
3, 7, 19, 1328491
List the prime factors of 2006833503.
3, 157, 4260793
List the prime factors of 187031703.
3, 62343901
What are the prime factors of 168091976?
2, 13, 1616269
What are the prime factors of 1825567?
347, 5261
What are the prime factors of 313227283?
59, 599, 8863
List the prime factors of 752185969.
113, 2459, 2707
List the prime factors of 219439433.
29, 7566877
List the prime factors of 80042582.
2, 673, 59467
What are the prime factors of 1200015357?
3, 19, 401, 52501
List the prime factors of 45718574.
2, 11, 2078117
What are the prime factors of 168822919?
47, 3591977
What are the prime factors of 1875313340?
2, 5, 93765667
List the prime factors of 445278898.
2, 83, 367, 7309
List the prime factors of 888436863.
3, 5647, 5827
What are the prime factors of 3770784086?
2, 1885392043
What are the prime factors of 917193043?
13, 7481, 9431
What are the prime factors of 297026888?
2, 2207, 16823
List the prime factors of 36176282.
2, 29, 623729
List the prime factors of 18239727.
3, 11, 449, 1231
List the prime factors of 245015600.
2, 5, 149, 4111
List the prime factors of 26586887.
26586887
What are the prime factors of 202235333?
53, 3815761
What are the prime factors of 71962386?
2, 3, 19, 631249
What are the prime factors of 52877615?
5, 7, 215827
What are the prime factors of 85415736?
2, 3, 7, 677, 751
What are the prime factors of 91116507?
3, 3319, 9151
What are the prime factors of 87166013?
11, 7924183
What are the prime factors of 309371573?
7, 5581, 7919
What are the prime factors of 21791277?
3, 2421253
List the prime factors of 332935891.
332935891
List the prime factors of 532749542.
2, 13, 20490367
List the prime factors of 775403205.
3, 5, 19, 2720713
List the prime factors of 109198283.
89, 127, 9661
List the prime factors of 199518166.
2, 6823, 14621
What are the prime factors of 664749944?
2, 6361, 13063
What are the prime factors of 210076611?
3, 3167, 22111
List the prime factors of 1409953434.
2, 3, 234992239
What are the prime factors of 1775458535?
5, 2531, 140297
List the prime factors of 2469184687.
157, 1217, 12923
List the prime factors of 1244782349.
73, 113, 150901
List the prime factors of 267097205.
5, 5557, 9613
List the prime factors of 246676405.
5, 89, 467, 1187
What are the prime factors of 1531590827?
13, 117814679
What are the prime factors of 6022993833?
3, 13789, 48533
List the prime factors of 1536563424.
2, 3, 11, 1455079
List the prime factors of 123718924.
2, 7, 109, 5791
List the prime factors of 44430251.
181, 245471
List the prime factors of 2861697965.
5, 7, 313, 261223
What are the prime factors of 20287742?
2, 127, 79873
What are the prime factors of 725410362?
2, 3, 120901727
List the prime factors of 69438340.
2, 5, 3471917
List the prime factors of 487792368.
2, 3, 7, 17923
List the prime factors of 60159388.
2, 163, 92269
What are the prime factors of 61907415?
3, 5, 19, 217219
What are the prime factors of 79785790?
2, 5, 7, 47, 24251
List the prime factors of 30962932.
2, 7, 11, 13, 19, 37
List the prime factors of 105788576.
2, 467, 7079
List the prime factors of 404088127.
23, 17569049
What are the prime factors of 433647990?
2, 3, 5, 131, 36781
What are the prime factors of 387665839?
11, 173, 203713
List the prime factors of 1842251534.
2, 37, 24895291
List the prime factors of 1308406.
2, 11, 59473
List the prime factors of 125349251.
19, 1933, 3413
List the prime factors of 1274866148.
2, 251, 743, 1709
List the prime factors of 126491863.
37, 3418699
List the prime factors of 122516296.
2, 7, 2187791
List the prime factors of 944329928.
2, 59, 2000699
What are the prime factors of 34309948?
2, 41, 131, 1597
What are the prime factors of 620842197?
3, 23, 8997713
What are the prime factors of 49446927?
3, 5494103
List the prime factors of 43210703.
43210703
List the prime factors of 203836039.
11, 43, 47, 53, 173
What are the prime factors of 296870256?
2, 3, 2061599
List the prime factors of 98830726.
2, 241, 205043
List the prime factors of 77505854.
2, 38752927
What are the prime factors of 9792262?
2, 47, 104173
List the prime factors of 31729395.
3, 5, 17, 124429
What are the prime factors of 49849291?
73, 149, 4583
What are the prime factors of 62129611?
17, 31, 3803
List the prime factors of 3236481804.
2, 3, 443, 608819
What are the prime factors of 413514471?
3, 137838157
What are the prime factors of 1163297069?
11, 827, 127877
What are the prime factors of 3286603656?
2, 3, 7, 931577
What are the prime factors of 6159977?
29, 311, 683
What are the prime factors of 32647916?
2, 7, 166571
What are the prime factors of 496809604?
2, 124202401
What are the prime factors of 949195235?
5, 89, 2133023
What are the prime factors of 3571389918?
2, 3, 198410551
List the prime factors of 958117653.
3, 3942871
List the prime factors of 2911994223.
3, 97, 1993, 5021
What are the prime factors of 103547637?
3, 53, 217081
What are the prime factors of 82773478?
2, 103, 401813
What are the prime factors of 42477800?
2, 5, 163, 1303
List the prime factors of 129299412.
2, 3, 11, 979541
List the prime factors of 31881306.
2, 3, 5313551
What are the prime factors of 104573865?
3, 5, 11, 633781
List the prime factors of 1760874633.
3, 7, 487, 911
List the prime factors of 38313248.
2, 1197289
List the prime factors of 347804438.
2, 31, 739, 7591
List the prime factors of 138704987.
89, 1558483
What are the prime factors of 411242407?
101, 941, 4327
List the prime factors of 3726278709.
3, 31, 4253, 9421
List the prime factors of 128171416.
2, 19, 29, 29077
List the prime factors of 323614020.
2, 3, 5, 67, 79, 1019
List the prime factors of 1731216749.
19, 4099, 22229
What are the prime factors of 951833053?
951833053
List the prime factors of 82691722.
2, 61, 149, 4549
List the prime factors of 393550599.
3, 13, 47, 53, 4051
What are the prime factors of 470184245?
5, 94036849
What are the prime factors of 34427946?
2, 3, 7, 41, 19993
List the prime factors of 1064043123.
3, 11, 13, 2480287
List the prime factors of 120684586.
2, 11, 331, 16573
List the prime factors of 716192109.
3, 859, 92639
List the prime factors of 541743887.
541743887
What are the pr